63047187?
1
What is the thousands digit of 855347434?
7
What is the hundreds digit of 6355263056?
0
What is the ten thousands digit of 715804610?
0
What is the millions digit of 84932888?
4
What is the hundred thousands digit of 567335645?
3
What is the tens digit of 789690731?
3
What is the thousands digit of 2635542?
5
What is the units digit of 6681959?
9
What is the ten millions digit of 331424037?
3
What is the ten thousands digit of 72792151?
9
What is the tens digit of 82123667?
6
What is the thousands digit of 4561678?
1
What is the units digit of 16582795?
5
What is the tens digit of 778548072?
7
What is the thousands digit of 3952776678?
6
What is the thousands digit of 2318415268?
5
What is the hundreds digit of 258110307?
3
What is the ten millions digit of 504434851?
0
What is the hundred thousands digit of 67975920?
9
What is the ten millions digit of 43992117?
4
What is the hundreds digit of 1659411223?
2
What is the ten thousands digit of 2950510561?
1
What is the hundreds digit of 26182658?
6
What is the ten thousands digit of 73369442?
6
What is the hundreds digit of 1397386909?
9
What is the ten thousands digit of 1514026355?
2
What is the units digit of 75792579?
9
What is the hundred thousands digit of 47540469?
5
What is the millions digit of 330616907?
0
What is the ten millions digit of 2544707675?
4
What is the millions digit of 313196426?
3
What is the tens digit of 14534777?
7
What is the hundred thousands digit of 203134194?
1
What is the units digit of 1335475840?
0
What is the ten millions digit of 114833287?
1
What is the hundred thousands digit of 2135955741?
9
What is the ten millions digit of 65720181?
6
What is the ten thousands digit of 400439121?
3
What is the units digit of 873655990?
0
What is the units digit of 1092364541?
1
What is the thousands digit of 734549173?
9
What is the millions digit of 109033623?
9
What is the hundred millions digit of 112738873?
1
What is the hundred thousands digit of 3562545040?
5
What is the thousands digit of 925554523?
4
What is the ten millions digit of 1343058921?
4
What is the millions digit of 603412469?
3
What is the ten thousands digit of 169793204?
9
What is the millions digit of 3050548172?
0
What is the millions digit of 822654891?
2
What is the ten millions digit of 54940510?
5
What is the ten thousands digit of 8199729?
9
What is the millions digit of 113087311?
3
What is the units digit of 7796037?
7
What is the millions digit of 64025736?
4
What is the ten millions digit of 631572366?
3
What is the thousands digit of 338880670?
0
What is the millions digit of 77210734?
7
What is the millions digit of 4448629439?
8
What is the hundred thousands digit of 471247117?
2
What is the hundreds digit of 207735610?
6
What is the hundreds digit of 12094843?
8
What is the hundreds digit of 1611653371?
3
What is the tens digit of 7185104895?
9
What is the hundred thousands digit of 2158906682?
9
What is the ten thousands digit of 71643948?
4
What is the billions digit of 1302852782?
1
What is the thousands digit of 316721795?
1
What is the thousands digit of 2379706166?
6
What is the units digit of 529764903?
3
What is the thousands digit of 59243336?
3
What is the hundreds digit of 383250005?
0
What is the hundred millions digit of 299257999?
2
What is the ten millions digit of 167425525?
6
What is the tens digit of 1719769976?
7
What is the hundred thousands digit of 637653062?
6
What is the ten thousands digit of 464916221?
1
What is the units digit of 41749862?
2
What is the billions digit of 1870337587?
1
What is the ten millions digit of 180881187?
8
What is the hundreds digit of 2111121011?
0
What is the ten thousands digit of 696867701?
6
What is the hundreds digit of 436960149?
1
What is the thousands digit of 66348929?
8
What is the millions digit of 582807362?
2
What is the thousands digit of 261428690?
8
What is the hundred millions digit of 2730866470?
7
What is the tens digit of 517455006?
0
What is the hundreds digit of 559996692?
6
What is the ten thousands digit of 1301330660?
3
What is the millions digit of 22859199?
2
What is the units digit of 632180236?
6
What is the ten thousands digit of 83250806?
5
What is the ten thousands digit of 98887418?
8
What is the tens digit of 33224045?
4
What is the ten millions digit of 1966985270?
6
What is the ten millions digit of 332695569?
3
What is the hundreds digit of 1673435487?
4
What is the thousands digit of 31964200?
4
What is the units digit of 44889943?
3
What is the hundred millions digit of 200230869?
2
What is the units digit of 1692094108?
8
What is the hundred thousands digit of 188005633?
0
What is the units digit of 390577747?
7
What is the units digit of 1351244?
4
What is the ten thousands digit of 479501365?
0
What is the hundred millions digit of 3147304860?
1
What is the millions digit of 363882238?
3
What is the tens digit of 38628439?
3
What is the millions digit of 46951047?
6
What is the hundred thousands digit of 37340626?
3
What is the ten thousands digit of 43474453?
7
What is the millions digit of 1238987590?
8
What is the tens digit of 50727027?
2
What is the millions digit of 37217086?
7
What is the ten millions digit of 152184995?
5
What is the hundred thousands digit of 55408375?
4
What is the ten thousands digit of 3671887475?
8
What is the thousands digit of 1102383?
2
What is the hundred thousands digit of 4937026305?
0
What is the ten millions digit of 245709939?
4
What is the ten thousands digit of 102966454?
6
What is the hundreds digit of 34885713?
7
What is the hundreds digit of 125490378?
3
What is the thousands digit of 137934381?
4
What is the thousands digit of 44114944?
4
What is the ten thousands digit of 90237503?
3
What is the ten thousands digit of 20274431?
7
What is the ten millions digit of 857151732?
5
What is the hundreds digit of 557249010?
0
What is the tens digit of 33477008?
0
What is the thousands digit of 536306?
6
What is the units digit of 198351415?
5
What is the units digit of 2359107220?
0
What is the ten millions digit of 1694642621?
9
What is the thousands digit of 203407663?
7
What is the ten thousands digit of 2844093925?
9
What is the tens digit of 7720914399?
9
What is the hundreds digit of 28159984?
9
What is the ten millions digit of 148344292?
4
What is the tens digit of 2588954?
5
What is the ten millions digit of 896532739?
9
What is the tens digit of 34564103?
0
What is the thousands digit of 112598024?
8
What is the ten millions digit of 27367469?
2
What is the hundred thousands digit of 362867387?
8
What is the tens digit of 694252219?
1
What is the ten thousands digit of 4951918697?
1
What is the ten millions digit of 242058937?
4
What is the ten millions digit of 470652915?
7
What is the tens digit of 91074819?
1
What is the thousands digit of 7916377?
6
What is the hundreds digit of 196549071?
0
What is the ten millions digit of 1925691700?
2
What is the units digit of 36877850?
0
What is the ten millions digit of 34514667?
3
What is the hundred millions digit of 426674210?
4
What is the ten thousands digit of 2392419467?
1
What is the units digit of 221841313?
3
What is the units digit of 381707666?
6
What is the units digit of 375030569?
9
What is the millions digit of 394389454?
4
What is the units digit of 89654164?
4
What is the ten thousands digit of 214571366?
7
What is the ten thousands digit of 399111389?
1
What is the millions digit of 98893483?
8
What is the units digit of 554273514?
4
What is the ten thousands digit of 118323892?
2
What is the millions digit of 37839453?
7
What is the hundred thousands digit of 664771106?
7
What is the ten millions digit of 839011428?
3
What is the hundred thousands digit of 177919979?
9
What is the hundred thousands digit of 1775266?
7
What is the ten millions digit of 117064944?
1
What is the millions digit of 973529187?
3
What is the hundreds digit of 1002065534?
5
What is the tens digit of 265180751?
5
What is the ten millions digit of 843653686?
4
What is the hundred thousands digit of 1636884553?
8
What is the tens digit of 98953679?
7
What is the thousands digit of 591472570?
2
What is the ten millions digit of 253395090?
5
What is the ten millions digit of 1328688616?
2
Wh